{"id":1858,"date":"2021-02-17T15:44:30","date_gmt":"2021-02-17T15:44:30","guid":{"rendered":"http:\/\/braunvie.cyon.link\/?post_type=product&#038;p=1858"},"modified":"2024-11-19T11:53:48","modified_gmt":"2024-11-19T09:53:48","slug":"hoftafel-original-braunvieh","status":"publish","type":"product","link":"https:\/\/homepage.braunvieh.ch\/fr\/produit\/hoftafel-original-braunvieh\/","title":{"rendered":"Hoftafel Original Braunvieh"},"content":{"rendered":"<p>Hintergrundbild bleibt bestehen,<br \/>\nBitte den Text wie Pr\u00e4fix, Name und Ort bekanntgeben, damit wir Ihre pers\u00f6nliche Hoftafel anfertigen k\u00f6nnen.<br \/>\nGr\u00f6sse 65 x 48 cm<\/p>\n","protected":false},"excerpt":{"rendered":"<p>Hintergrundbild bleibt bestehen, Bitte den Text wie Pr\u00e4fix, Name und Ort bekanntgeben, damit wir Ihre pers\u00f6nliche Hoftafel anfertigen k\u00f6nnen. Gr\u00f6sse 65 x 48 cm<\/p>\n","protected":false},"featured_media":1304,"comment_status":"open","ping_status":"closed","template":"","meta":{"_acf_changed":false},"product_brand":[],"product_cat":[36],"product_tag":[],"class_list":{"0":"post-1858","1":"product","2":"type-product","3":"status-publish","4":"has-post-thumbnail","6":"product_cat-fuer-den-betrieb","8":"first","9":"instock","10":"shipping-taxable","11":"purchasable","12":"product-type-simple"},"acf":[],"yoast_head":"<!-- This site is optimized with the Yoast SEO plugin v27.4 - https:\/\/yoast.com\/product\/yoast-seo-wordpress\/ -->\n<title>Hoftafel Original Braunvieh | Braunvieh<\/title>\n<meta name=\"robots\" content=\"index, follow, max-snippet:-1, max-image-preview:large, max-video-preview:-1\" \/>\n<link rel=\"canonical\" href=\"https:\/\/homepage.braunvieh.ch\/product\/hoftafel-original-braunvieh\/\" \/>\n<meta property=\"og:locale\" content=\"fr_FR\" \/>\n<meta property=\"og:type\" content=\"article\" \/>\n<meta property=\"og:title\" content=\"Hoftafel Original Braunvieh | Braunvieh\" \/>\n<meta property=\"og:description\" content=\"Hintergrundbild bleibt bestehen, Bitte den Text wie Pr\u00e4fix, Name und Ort bekanntgeben, damit wir Ihre pers\u00f6nliche Hoftafel anfertigen k\u00f6nnen. Gr\u00f6sse 65 x 48 cm\" \/>\n<meta property=\"og:url\" content=\"https:\/\/homepage.braunvieh.ch\/product\/hoftafel-original-braunvieh\/\" \/>\n<meta property=\"og:site_name\" content=\"Braunvieh\" \/>\n<meta property=\"article:modified_time\" content=\"2024-11-19T09:53:48+00:00\" \/>\n<meta property=\"og:image\" content=\"https:\/\/homepage.braunvieh.ch\/wp-content\/uploads\/2021\/02\/Hoftafel-OB.jpeg\" \/>\n\t<meta property=\"og:image:width\" content=\"300\" \/>\n\t<meta property=\"og:image:height\" content=\"214\" \/>\n\t<meta property=\"og:image:type\" content=\"image\/jpeg\" \/>\n<meta name=\"twitter:card\" content=\"summary_large_image\" \/>\n<meta name=\"twitter:label1\" content=\"Dur\u00e9e de lecture estim\u00e9e\" \/>\n\t<meta name=\"twitter:data1\" content=\"1 minute\" \/>\n<script type=\"application\/ld+json\" class=\"yoast-schema-graph\">{\"@context\":\"https:\\\/\\\/schema.org\",\"@graph\":[{\"@type\":\"WebPage\",\"@id\":\"https:\\\/\\\/homepage.braunvieh.ch\\\/product\\\/hoftafel-original-braunvieh\\\/\",\"url\":\"https:\\\/\\\/homepage.braunvieh.ch\\\/product\\\/hoftafel-original-braunvieh\\\/\",\"name\":\"Hoftafel Original Braunvieh | Braunvieh\",\"isPartOf\":{\"@id\":\"https:\\\/\\\/homepage.braunvieh.ch\\\/en\\\/#website\"},\"primaryImageOfPage\":{\"@id\":\"https:\\\/\\\/homepage.braunvieh.ch\\\/product\\\/hoftafel-original-braunvieh\\\/#primaryimage\"},\"image\":{\"@id\":\"https:\\\/\\\/homepage.braunvieh.ch\\\/product\\\/hoftafel-original-braunvieh\\\/#primaryimage\"},\"thumbnailUrl\":\"https:\\\/\\\/homepage.braunvieh.ch\\\/wp-content\\\/uploads\\\/2021\\\/02\\\/Hoftafel-OB.jpeg\",\"datePublished\":\"2021-02-17T15:44:30+00:00\",\"dateModified\":\"2024-11-19T09:53:48+00:00\",\"breadcrumb\":{\"@id\":\"https:\\\/\\\/homepage.braunvieh.ch\\\/product\\\/hoftafel-original-braunvieh\\\/#breadcrumb\"},\"inLanguage\":\"fr-FR\",\"potentialAction\":[{\"@type\":\"ReadAction\",\"target\":[\"https:\\\/\\\/homepage.braunvieh.ch\\\/product\\\/hoftafel-original-braunvieh\\\/\"]}]},{\"@type\":\"ImageObject\",\"inLanguage\":\"fr-FR\",\"@id\":\"https:\\\/\\\/homepage.braunvieh.ch\\\/product\\\/hoftafel-original-braunvieh\\\/#primaryimage\",\"url\":\"https:\\\/\\\/homepage.braunvieh.ch\\\/wp-content\\\/uploads\\\/2021\\\/02\\\/Hoftafel-OB.jpeg\",\"contentUrl\":\"https:\\\/\\\/homepage.braunvieh.ch\\\/wp-content\\\/uploads\\\/2021\\\/02\\\/Hoftafel-OB.jpeg\",\"width\":300,\"height\":214},{\"@type\":\"BreadcrumbList\",\"@id\":\"https:\\\/\\\/homepage.braunvieh.ch\\\/product\\\/hoftafel-original-braunvieh\\\/#breadcrumb\",\"itemListElement\":[{\"@type\":\"ListItem\",\"position\":1,\"name\":\"Home\",\"item\":\"https:\\\/\\\/homepage.braunvieh.ch\\\/fr\\\/\"},{\"@type\":\"ListItem\",\"position\":2,\"name\":\"Boutique\",\"item\":\"https:\\\/\\\/homepage.braunvieh.ch\\\/fr\\\/boutique\\\/\"},{\"@type\":\"ListItem\",\"position\":3,\"name\":\"Hoftafel Original Braunvieh\"}]},{\"@type\":\"WebSite\",\"@id\":\"https:\\\/\\\/homepage.braunvieh.ch\\\/en\\\/#website\",\"url\":\"https:\\\/\\\/homepage.braunvieh.ch\\\/en\\\/\",\"name\":\"Braunvieh\",\"description\":\"Alles \u00fcber Braunvieh und die Braunviehzucht. Sowie den Braunviehzuchtverband als modernes Dienstleistungsunternehmen.\",\"potentialAction\":[{\"@type\":\"SearchAction\",\"target\":{\"@type\":\"EntryPoint\",\"urlTemplate\":\"https:\\\/\\\/homepage.braunvieh.ch\\\/en\\\/?s={search_term_string}\"},\"query-input\":{\"@type\":\"PropertyValueSpecification\",\"valueRequired\":true,\"valueName\":\"search_term_string\"}}],\"inLanguage\":\"fr-FR\"}]}<\/script>\n<!-- \/ Yoast SEO plugin. -->","yoast_head_json":{"title":"Hoftafel Original Braunvieh | Braunvieh","robots":{"index":"index","follow":"follow","max-snippet":"max-snippet:-1","max-image-preview":"max-image-preview:large","max-video-preview":"max-video-preview:-1"},"canonical":"https:\/\/homepage.braunvieh.ch\/product\/hoftafel-original-braunvieh\/","og_locale":"fr_FR","og_type":"article","og_title":"Hoftafel Original Braunvieh | Braunvieh","og_description":"Hintergrundbild bleibt bestehen, Bitte den Text wie Pr\u00e4fix, Name und Ort bekanntgeben, damit wir Ihre pers\u00f6nliche Hoftafel anfertigen k\u00f6nnen. Gr\u00f6sse 65 x 48 cm","og_url":"https:\/\/homepage.braunvieh.ch\/product\/hoftafel-original-braunvieh\/","og_site_name":"Braunvieh","article_modified_time":"2024-11-19T09:53:48+00:00","og_image":[{"width":300,"height":214,"url":"https:\/\/homepage.braunvieh.ch\/wp-content\/uploads\/2021\/02\/Hoftafel-OB.jpeg","type":"image\/jpeg"}],"twitter_card":"summary_large_image","twitter_misc":{"Dur\u00e9e de lecture estim\u00e9e":"1 minute"},"schema":{"@context":"https:\/\/schema.org","@graph":[{"@type":"WebPage","@id":"https:\/\/homepage.braunvieh.ch\/product\/hoftafel-original-braunvieh\/","url":"https:\/\/homepage.braunvieh.ch\/product\/hoftafel-original-braunvieh\/","name":"Hoftafel Original Braunvieh | Braunvieh","isPartOf":{"@id":"https:\/\/homepage.braunvieh.ch\/en\/#website"},"primaryImageOfPage":{"@id":"https:\/\/homepage.braunvieh.ch\/product\/hoftafel-original-braunvieh\/#primaryimage"},"image":{"@id":"https:\/\/homepage.braunvieh.ch\/product\/hoftafel-original-braunvieh\/#primaryimage"},"thumbnailUrl":"https:\/\/homepage.braunvieh.ch\/wp-content\/uploads\/2021\/02\/Hoftafel-OB.jpeg","datePublished":"2021-02-17T15:44:30+00:00","dateModified":"2024-11-19T09:53:48+00:00","breadcrumb":{"@id":"https:\/\/homepage.braunvieh.ch\/product\/hoftafel-original-braunvieh\/#breadcrumb"},"inLanguage":"fr-FR","potentialAction":[{"@type":"ReadAction","target":["https:\/\/homepage.braunvieh.ch\/product\/hoftafel-original-braunvieh\/"]}]},{"@type":"ImageObject","inLanguage":"fr-FR","@id":"https:\/\/homepage.braunvieh.ch\/product\/hoftafel-original-braunvieh\/#primaryimage","url":"https:\/\/homepage.braunvieh.ch\/wp-content\/uploads\/2021\/02\/Hoftafel-OB.jpeg","contentUrl":"https:\/\/homepage.braunvieh.ch\/wp-content\/uploads\/2021\/02\/Hoftafel-OB.jpeg","width":300,"height":214},{"@type":"BreadcrumbList","@id":"https:\/\/homepage.braunvieh.ch\/product\/hoftafel-original-braunvieh\/#breadcrumb","itemListElement":[{"@type":"ListItem","position":1,"name":"Home","item":"https:\/\/homepage.braunvieh.ch\/fr\/"},{"@type":"ListItem","position":2,"name":"Boutique","item":"https:\/\/homepage.braunvieh.ch\/fr\/boutique\/"},{"@type":"ListItem","position":3,"name":"Hoftafel Original Braunvieh"}]},{"@type":"WebSite","@id":"https:\/\/homepage.braunvieh.ch\/en\/#website","url":"https:\/\/homepage.braunvieh.ch\/en\/","name":"Braunvieh","description":"Alles \u00fcber Braunvieh und die Braunviehzucht. Sowie den Braunviehzuchtverband als modernes Dienstleistungsunternehmen.","potentialAction":[{"@type":"SearchAction","target":{"@type":"EntryPoint","urlTemplate":"https:\/\/homepage.braunvieh.ch\/en\/?s={search_term_string}"},"query-input":{"@type":"PropertyValueSpecification","valueRequired":true,"valueName":"search_term_string"}}],"inLanguage":"fr-FR"}]}},"publishpress_future_workflow_manual_trigger":{"enabledWorkflows":[]},"_links":{"self":[{"href":"https:\/\/homepage.braunvieh.ch\/fr\/wp-json\/wp\/v2\/product\/1858","targetHints":{"allow":["GET"]}}],"collection":[{"href":"https:\/\/homepage.braunvieh.ch\/fr\/wp-json\/wp\/v2\/product"}],"about":[{"href":"https:\/\/homepage.braunvieh.ch\/fr\/wp-json\/wp\/v2\/types\/product"}],"replies":[{"embeddable":true,"href":"https:\/\/homepage.braunvieh.ch\/fr\/wp-json\/wp\/v2\/comments?post=1858"}],"wp:featuredmedia":[{"embeddable":true,"href":"https:\/\/homepage.braunvieh.ch\/fr\/wp-json\/wp\/v2\/media\/1304"}],"wp:attachment":[{"href":"https:\/\/homepage.braunvieh.ch\/fr\/wp-json\/wp\/v2\/media?parent=1858"}],"wp:term":[{"taxonomy":"product_brand","embeddable":true,"href":"https:\/\/homepage.braunvieh.ch\/fr\/wp-json\/wp\/v2\/product_brand?post=1858"},{"taxonomy":"product_cat","embeddable":true,"href":"https:\/\/homepage.braunvieh.ch\/fr\/wp-json\/wp\/v2\/product_cat?post=1858"},{"taxonomy":"product_tag","embeddable":true,"href":"https:\/\/homepage.braunvieh.ch\/fr\/wp-json\/wp\/v2\/product_tag?post=1858"}],"curies":[{"name":"wp","href":"https:\/\/api.w.org\/{rel}","templated":true}]}}

<p>Hintergrundbild bleibt bestehen,<br />
Bitte den Text wie Präfix, Name und Ort bekanntgeben, damit wir Ihre persönliche Hoftafel anfertigen können.<br />
Grösse 65 x 48 cm</p>

<p>Hintergrundbild bleibt bestehen, Bitte den Text wie Präfix, Name und Ort bekanntgeben, damit wir Ihre persönliche Hoftafel anfertigen können. Grösse 65 x 48 cm</p>

<!-- This site is optimized with the Yoast SEO plugin v27.4 - https://yoast.com/product/yoast-seo-wordpress/ -->
<title>Hoftafel Original Braunvieh | Braunvieh</title>
<meta name="robots" content="index, follow, max-snippet:-1, max-image-preview:large, max-video-preview:-1" />
<link rel="canonical" href="https://homepage.braunvieh.ch/product/hoftafel-original-braunvieh/" />
<meta property="og:locale" content="fr_FR" />
<meta property="og:type" content="article" />
<meta property="og:title" content="Hoftafel Original Braunvieh | Braunvieh" />
<meta property="og:description" content="Hintergrundbild bleibt bestehen, Bitte den Text wie Präfix, Name und Ort bekanntgeben, damit wir Ihre persönliche Hoftafel anfertigen können. Grösse 65 x 48 cm" />
<meta property="og:url" content="https://homepage.braunvieh.ch/product/hoftafel-original-braunvieh/" />
<meta property="og:site_name" content="Braunvieh" />
<meta property="article:modified_time" content="2024-11-19T09:53:48+00:00" />
<meta property="og:image" content="https://homepage.braunvieh.ch/wp-content/uploads/2021/02/Hoftafel-OB.jpeg" />
	<meta property="og:image:width" content="300" />
	<meta property="og:image:height" content="214" />
	<meta property="og:image:type" content="image/jpeg" />
<meta name="twitter:card" content="summary_large_image" />
<meta name="twitter:label1" content="Durée de lecture estimée" />
	<meta name="twitter:data1" content="1 minute" />
<script type="application/ld+json" class="yoast-schema-graph">{"@context":"https:\/\/schema.org","@graph":[{"@type":"WebPage","@id":"https:\/\/homepage.braunvieh.ch\/product\/hoftafel-original-braunvieh\/","url":"https:\/\/homepage.braunvieh.ch\/product\/hoftafel-original-braunvieh\/","name":"Hoftafel Original Braunvieh | Braunvieh","isPartOf":{"@id":"https:\/\/homepage.braunvieh.ch\/en\/#website"},"primaryImageOfPage":{"@id":"https:\/\/homepage.braunvieh.ch\/product\/hoftafel-original-braunvieh\/#primaryimage"},"image":{"@id":"https:\/\/homepage.braunvieh.ch\/product\/hoftafel-original-braunvieh\/#primaryimage"},"thumbnailUrl":"https:\/\/homepage.braunvieh.ch\/wp-content\/uploads\/2021\/02\/Hoftafel-OB.jpeg","datePublished":"2021-02-17T15:44:30+00:00","dateModified":"2024-11-19T09:53:48+00:00","breadcrumb":{"@id":"https:\/\/homepage.braunvieh.ch\/product\/hoftafel-original-braunvieh\/#breadcrumb"},"inLanguage":"fr-FR","potentialAction":[{"@type":"ReadAction","target":["https:\/\/homepage.braunvieh.ch\/product\/hoftafel-original-braunvieh\/"]}]},{"@type":"ImageObject","inLanguage":"fr-FR","@id":"https:\/\/homepage.braunvieh.ch\/product\/hoftafel-original-braunvieh\/#primaryimage","url":"https:\/\/homepage.braunvieh.ch\/wp-content\/uploads\/2021\/02\/Hoftafel-OB.jpeg","contentUrl":"https:\/\/homepage.braunvieh.ch\/wp-content\/uploads\/2021\/02\/Hoftafel-OB.jpeg","width":300,"height":214},{"@type":"BreadcrumbList","@id":"https:\/\/homepage.braunvieh.ch\/product\/hoftafel-original-braunvieh\/#breadcrumb","itemListElement":[{"@type":"ListItem","position":1,"name":"Home","item":"https:\/\/homepage.braunvieh.ch\/fr\/"},{"@type":"ListItem","position":2,"name":"Boutique","item":"https:\/\/homepage.braunvieh.ch\/fr\/boutique\/"},{"@type":"ListItem","position":3,"name":"Hoftafel Original Braunvieh"}]},{"@type":"WebSite","@id":"https:\/\/homepage.braunvieh.ch\/en\/#website","url":"https:\/\/homepage.braunvieh.ch\/en\/","name":"Braunvieh","description":"Alles über Braunvieh und die Braunviehzucht. Sowie den Braunviehzuchtverband als modernes Dienstleistungsunternehmen.","potentialAction":[{"@type":"SearchAction","target":{"@type":"EntryPoint","urlTemplate":"https:\/\/homepage.braunvieh.ch\/en\/?s={search_term_string}"},"query-input":{"@type":"PropertyValueSpecification","valueRequired":true,"valueName":"search_term_string"}}],"inLanguage":"fr-FR"}]}</script>
<!-- / Yoast SEO plugin. -->

Hintergrundbild bleibt bestehen, Bitte den Text wie Präfix, Name und Ort bekanntgeben, damit wir Ihre persönliche Hoftafel anfertigen können. Grösse 65 x 48 cm

Alles über Braunvieh und die Braunviehzucht. Sowie den Braunviehzuchtverband als modernes Dienstleistungsunternehmen.
